e
Is 12070897 composite?
False
Is 4619467 a composite number?
True
Is 1974589 composite?
True
Is 19101161 a prime number?
True
Is 21108001 prime?
False
Is 14055771 a prime number?
False
Is 23005013 composite?
False
Is 4377119 composite?
True
Is 2259601 a prime number?
True
Is 28509827 prime?
True
Is 11589113 composite?
False
Is 62692421 a composite number?
True
Is 3230735 prime?
False
Is 4917749 composite?
True
Is 5952937 a composite number?
True
Is 5201207 a composite number?
True
Is 36201395 prime?
False
Is 25276199 a prime number?
False
Is 117073543 composite?
True
Is 17954241 a composite number?
True
Is 130167091 composite?
False
Is 4573267 a composite number?
True
Is 255842267 composite?
True
Is 472830203 a prime number?
True
Is 7789703 prime?
True
Is 3821087 composite?
True
Is 2341673 a prime number?
True
Is 4911397 composite?
True
Is 33575323 a prime number?
False
Is 25517677 prime?
False
Is 71805733 a prime number?
True
Is 2185499 prime?
False
Is 3110831 composite?
True
Is 174755039 a composite number?
False
Is 35879663 a prime number?
True
Is 353015021 a composite number?
True
Is 82410077 a prime number?
False
Is 38484869 a prime number?
False
Is 37311839 prime?
False
Is 236585697 a composite number?
True
Is 14225269 composite?
False
Is 317795 composite?
True
Is 2680213 a prime number?
False
Is 16154491 a prime number?
True
Is 138136378 a prime number?
False
Is 3930673 a prime number?
False
Is 32471267 prime?
True
Is 815729 composite?
False
Is 11534851 a prime number?
True
Is 168744781 composite?
False
Is 858737291 a composite number?
True
Is 4651961 a composite number?
True
Is 549679 a composite number?
True
Is 86913133 a composite number?
False
Is 10222663 a composite number?
True
Is 23494607 prime?
True
Is 445297 prime?
True
Is 24794291 prime?
False
Is 232584127 composite?
False
Is 28429733 a composite number?
False
Is 2770549 a composite number?
False
Is 8128733 a prime number?
True
Is 3521809 a composite number?
True
Is 4258237 a composite number?
False
Is 1541083 a prime number?
False
Is 694817 a composite number?
True
Is 1266149 a composite number?
False
Is 37254493 prime?
True
Is 22013 a prime number?
True
Is 267629 prime?
True
Is 32805803 prime?
True
Is 295459 prime?
True
Is 25703449 prime?
False
Is 198500279 a composite number?
True
Is 12129407 a composite number?
False
Is 64527549 composite?
True
Is 617234311 a composite number?
True
Is 1669987 prime?
False
Is 3720487 composite?
False
Is 41933029 a composite number?
True
Is 266467085 a composite number?
True
Is 333587 composite?
True
Is 982337 composite?
False
Is 1007993 a composite number?
True
Is 2186333 a prime number?
True
Is 85276571 a prime number?
False
Is 6093467 composite?
False
Is 129585419 a prime number?
True
Is 78311731 composite?
False
Is 250478978 a prime number?
False
Is 73052909 a prime number?
True
Is 892817 a composite number?
False
Is 8112745 prime?
False
Is 30539 prime?
True
Is 8624267 prime?
True
Is 3730459 prime?
False
Is 2573881 composite?
False
Is 10923929 a composite number?
False
Is 10482811 a composite number?
False
Is 3473291 a composite number?
False
Is 2803373 prime?
False
Is 3745923 a prime number?
False
Is 1502657 composite?
True
Is 408589459 a composite number?
False
Is 1236967 prime?
False
Is 1081501 a composite number?
False
Is 8223797 composite?
True
Is 65528581 a composite number?
False
Is 5901443 a composite number?
True
Is 46609 prime?
False
Is 5070281 a composite number?
True
Is 28993163 a prime number?
False
Is 118947481 a prime number?
False
Is 43401101 a prime number?
True
Is 30994591 composite?
True
Is 18653107 a composite number?
True
Is 45176749 composite?
True
Is 310227763 composite?
True
Is 133831 a composite number?
False
Is 210053 a prime number?
True
Is 40618573 a composite number?
False
Is 1995421 a prime number?
True
Is 181822243 a prime number?
False
Is 14650523 a prime number?
True
Is 33049439 prime?
True
Is 10600621 a composite number?
False
Is 486305509 a prime number?
True
Is 8042897 a prime number?
True
Is 4759789 a prime number?
False
Is 73587499 a prime number?
True
Is 132750599 a prime number?
True
Is 1109113 prime?
True
Is 11094995 composite?
True
Is 11545187 composite?
False
Is 16327351 prime?
True
Is 5961199 a prime number?
True
Is 982654 a prime number?
False
Is 3518231 prime?
True
Is 4349897 a prime number?
False
Is 393199 composite?
True
Is 242829907 a composite number?
False
Is 18224727 a composite number?
True
Is 2537501 prime?
True
Is 631006007 prime?
True
Is 334080167 composite?
False
Is 189446263 composite?
False
Is 78437 prime?
True
Is 14759 a composite number?
False
Is 2996443 prime?
True
Is 74629315 prime?
False
Is 83252633 a composite number?
False
Is 22696579 a prime number?
True
Is 23813077 prime?
False
Is 18486913 a composite number?
True
Is 5365847 prime?
False
Is 97818829 a composite number?
True
Is 5090447 a composite number?
False
Is 4855673 a composite number?
True
Is 29385011 composite?
True
Is 144142357 composite?
True
Is 74837 a composite number?
True
Is 2133919 composite?
True
Is 11536051 a composite number?
True
Is 43951133 a composite number?
True
Is 69470683 composite?
False
Is 6248747 a composite number?
True
Is 23743949 prime?
False
Is 15465997 a composite number?
True
Is 5856337 a composite number?
False
Is 458309 a composite number?
False
Is 10475629 prime?
False
Is 639295 composite?
True
Is 252407 a composite number?
True
Is 19254881 prime?
True
Is 7511947 composite?
False
Is 12897623 composite?
False
Is 6570323 a prime number?
True
Is 10463699 prime?
False
Is 1053863 a prime number?
True
Is 781643738 composite?
True
Is 924639 composite?
True
Is 29543 prime?
False
Is 76369331 composite?
False
Is 159949679 a composite number?
True
Is 8397109 a prime number?
False
Is 1757741 composite?
False
Is 6928643 a composite number?
False
Is 2933897 prime?
True
Is 1118731 a composite number?
True
Is 182334046 prime?
False
Is 47193431 a prime number?
True
Is 248670523 prime?
True
Is 73271603 a prime number?
False
Is 4326155 composite?
True
Is 344348539 prime?
True
Is 1676593 a prime number?
True
Is 395081651 prime?
True
Is 992229917 a composite number?
True
Is 427583567 a composite number?
False
Is 132020677 composite?
True
Is 278053459 composite?
True
Is 24133 composite?
False
Is 60698821 a prime number?
True
Is 424191 a prime number?
False
Is 629539583 prime?
True
Is 21281537 prime?
False
Is 120537217 composite?
False
Is 9657367 composite?
False
Is 220057 a composite number?
False
Is 135265353 a composite number?
True
Is 31090769 a composite number?
False
Is 4680809 composite?
True
Is 184989671 a prime number?
False
Is 10644569 prime?
False
Is 288557603 composite?
False
Is 16293155 composite?
True
Is 5913559 prime?
True
Is 1643237 prime?
False
Is 332227579 a composite number?
False
Is 8818879 a prime number?
True
Is 1274353 prime?
True
Is 16825069 composite?
False
Is 632059 a composite number?
True
Is 7204849 a prime number?
True
Is 108986029 a prime number?
False
Is 61158686 composite?
True
Is 4714067 composite?
False
Is 61155781 a prime number?
False
Is 819563 a prime number?
True
Is 286897211 composite?
True
Is 37131657 a prime number?
False
Is 95270041 composite?
False
Is 665039 prime?
True
Is 401843833 a prime number?
False
Is 145486793 a composite number?
False
Is 24183197 prime?
False
Is 218807651 a prime number?
True
Is 2278631 a prime number?
True
Is 240319 a prime number?
True
Is 4369027 composite?
True
Is 3297883 a composite number?
False
Is 1898809 a composite number?
True
Is 74021039 a prime number?
False
Is 19453097 a prime number?
True
Is 1669781 composite?
False
Is 10093481 composite?
True
Is 4348343 a prime number?
True
Is 4950471 a prime number?
False
Is 38311311 a composite number?
True
Is 73549115 a composite number?
True
Is 7462151 a prime number?
True
Is 240411677 prime?
False
Is 400296041 a composite number?
True
Is 25132073 a prime number?
True
Is 8186947 composite?
False
Is 3102979 a composite number?
True
Is 223628927 a composite number?
False
Is 26912519 composite?
False
Is 11795701 a prime number?
False
Is 321987217 composite?
False
Is 34070455 prime?
False
Is 8383963 a composite number?
True
Is 71084809 a composite number?
False
Is 29169017 a prime number?